- 14. Suppose -g - y = -11. What is the units digit of g?
7
Suppose 4*y = 4, -5*y - 40 = -u + 15. What is the tens digit of u?
6
Let w = 5 + 3. What is the units digit of w?
8
Suppose 5*a - 340 = a. What is the tens digit of a?
8
Let s(a) = 3*a**2 + 19*a + 102. What is the tens digit of s(-11)?
5
Suppose 2*a + 0*a = -c, -5*a - 3*c = 2. Let o(w) = 0*w**2 + 3*w**2 + 2*w + 3 - 2*w**a. What is the units digit of o(-2)?
3
Suppose 3*d - 3*l = 75, -3*d + 105 = -4*l + 25. What is the tens digit of d?
2
What is the units digit of 32*(-2 + 15/6)?
6
Let o(t) = -4*t**2 - 1. Let r be o(-1). Let u(s) be the third derivative of -5*s**4/24 - s**3 + 19*s**2. What is the tens digit of u(r)?
1
Suppose 0 = -0*x - 4*x. Let j = 8 + x. What is the units digit of j?
8
Suppose -3*v - 24 = -7*v. Let f = -3 + v. What is the units digit of f?
3
Let f = 5 + -1. Suppose -12 = 4*k + 5*g, 7 = -f*k - 4*g - 1. Suppose -n - s = -0*n - 3, k*s = -10. What is the units digit of n?
8
Suppose 5*w - 2*u - 17 = 0, w - 2*u - 6 = u. Let y(s) = w + 0*s + 0 + 1 + s. What is the units digit of y(0)?
4
Let h(t) = -10*t**3 + t**2 - t + 1. Let z be h(1). Let x(j) = j**3 + 8*j**2 - 8*j + 12. What is the units digit of x(z)?
3
Let s = -3 + 5. Let a be (-4 + 2)/(s/(-17)). Suppose -5*b = r + a, -2 + 12 = 2*r - b. What is the units digit of r?
3
Suppose 2*x - 3*x + 2 = 0. Suppose -18 = -4*z - x. Suppose -o + 2 = -p, 22 = z*o - 2*p + 6. What is the units digit of o?
6
Suppose -99 + 27 = 3*r. Let y = -61 + 44. Let a = y - r. What is the units digit of a?
7
Let i = -1 - -3. What is the units digit of (i/10)/(9/45)?
1
Suppose 86 = -3*b - 274. What is the units digit of ((-6)/(-5))/((-16)/b)?
9
Suppose -6*c + 10 = -c, -5*q = -3*c + 1. What is the units digit of q?
1
Suppose -280 = -k + 4*x, k + 5*x = 35 + 209. What is the units digit of k?
4
Let y(q) = -q**3 - 5*q**2 + q - 3. Let l be y(-5). Let k be (-3)/2*l/6. Suppose 3*h = 19 + k. What is the units digit of h?
7
Let r be 28/8 - 1/2. Let s = 22 - r. What is the units digit of s?
9
Let o(j) = 3*j**2 + 2*j + 1. Let n be o(-1). Let m(g) = 11*g + 1. Let d be m(n). Let q = 35 - d. What is the tens digit of q?
1
Let s(l) = 9*l - 1. What is the tens digit of s(3)?
2
Suppose 72 = 3*z - 5*b, 0*z + b + 22 = z. Let j = 8 - z. What is the tens digit of 1/(1/3) - j?
1
Let r(q) = q**3 - 3*q**2 - 2*q - 1. Let i be r(2). Let f(t) = t**3 + 3*t**2 - 4*t - 6. Let l be f(-4). What is the units digit of i*(0 + l/9)?
6
Suppose 21 + 15 = 3*z. Suppose -64 = -4*j - z. What is the units digit of j?
3
Let f = 6 - -25. Let l = 48 - f. Suppose -j = 4*q - 47, -l = -3*q + 2*j + 21. What is the units digit of q?
2
Let i be (-2 - (2 - 8)) + 0. Suppose 4*p = -i*g + 88, 2*g - p - 14 = 3*p. What is the tens digit of g?
1
Suppose -u + 32 = u - 2*g, 3*u = -g + 36. What is the units digit of u?
3
Let n(c) = c + 8. Let k be n(-6). Suppose k*v = w + 11, w - 4 = -3*v + 25. What is the units digit of v?
8
Let y(w) = w**3 - 5*w**2 - 9*w + 10. Let h be y(7). Suppose -3*v - f = -8*v + 69, -3*f + h = 3*v. What is the units digit of v?
4
Let r(d) = -d**2 - 9*d + 2. Let s be (0 - 1)*2 - 3. What is the units digit of r(s)?
2
Let w(i) = 4*i**2 - 13*i**3 - 38*i**3 - 5*i**2 + 9*i**3. What is the units digit of w(-1)?
1
Suppose 3*p - j - 13 = -0*j, 5*p + 2*j - 18 = 0. Let f(n) = n**2 - 5*n + 1. Let m be f(4). Let g = m + p. What is the units digit of g?
1
Let z(t) = t**2 - 1. Let o be z(-2). Suppose -4*i + 85 = 5*y, 8*i - o*i - 5*y = 50. What is the units digit of i?
5
Let x be (1 - 22) + (3 - 2). Let w = x + 30. What is the tens digit of w?
1
Suppose 0*c = 5*c - 155. What is the tens digit of c?
3
Let c(n) = 5*n**2 + 8*n. Let s(q) = 4*q**2 + 8*q. Let g(t) = 5*c(t) - 6*s(t). What is the units digit of g(9)?
9
Let q(y) = 2*y**2 - 9*y - 11. What is the units digit of q(-5)?
4
Let y(r) = r**3 - 4*r**2 + r. Let k be y(4). Suppose -14 = -5*j - k. What is the units digit of j?
2
Let p = 333 + -237. What is the tens digit of p?
9
Suppose 4*g - g - 28 = 5*l, 3*g - 23 = 4*l. What is the units digit of (g - 4)/(1 - 2)?
3
Suppose 8 = -4*b + 5*b + q, -3*b = -4*q + 11. Let u be (-3 - -3)/(b/(-1)). Suppose t - 4 = 0, u*t - 3*t + 1 = -r. What is the units digit of r?
1
Let d(l) = 26*l + 62. What is the hundreds digit of d(6)?
2
Let t = 278 + -53. What is the hundreds digit of t?
2
What is the units digit of 1*162 - 4*6/(-12)?
4
Let f be ((-63)/(-15))/(2/10). Let j = f - 3. What is the tens digit of j?
1
Suppose 0 = 2*g - b - 7, 3*g - 5 - 10 = 3*b. What is the units digit of 15*4/6*g?
0
Let f(v) = 8*v + 27. What is the units digit of f(-2)?
1
Let i(s) = s**2 + s + 2. Let r be i(-2). Let l = 15 - r. What is the tens digit of l?
1
Suppose -5*r - 134 + 759 = 0. What is the hundreds digit of r?
1
Let p be 17 + 0 + 2 + -2. Suppose 4*g - 11 = p. What is the units digit of g?
7
Suppose 0 = -3*h - h. Suppose -3 + h = 4*y + 3*k, 3*k = -15. Suppose -y*n - 2*n = -10. What is the units digit of n?
2
Let n be 3 + -1*(-2 - -3). Suppose -2*i + 7*i = -45. What is the units digit of (1 + i/(-2))*n?
1
Let a = -66 - -132. What is the units digit of a?
6
Let t = -20 - -23. Suppose -t*b = -5*n + 101, -4*n + 5*n - 28 = -2*b. What is the units digit of n?
2
Suppose -g - 59 = -5*g + 5*n, -2*g + 3*n = -31. Let s = -7 + g. What is the units digit of s?
4
Let i = 62 + -50. What is the tens digit of i?
1
What is the units digit of 1668/((-6)/2)*(-3)/6?
8
Suppose -100 = -4*o + 136. What is the units digit of o?
9
Suppose 5*c = 2*v + 276, -2*c + 3*c + 2*v - 48 = 0. What is the tens digit of c?
5
Let b = 26 + -14. What is the units digit of b?
2
Let j(y) = -4*y**2 + 3*y + 9. Let l(s) = 9*s**2 - 5*s - 19. Let c(d) = 5*j(d) + 2*l(d). Let x be c(5). What is the tens digit of (-96)/x*1*3?
1
Let c(n) = n + 4. Let u be c(-4). Let p(f) = f + 1. What is the units digit of p(u)?
1
Let c = -22 + 41. What is the units digit of c?
9
Let s = -53 + 128. What is the units digit of s?
5
Let n = 10 - 22. Let z = n + 6. What is the units digit of 3/z - 70/(-4)?
7
Let q(i) = i**2 - 2*i - 1. Suppose 2*m + 5*a + 4 = m, -5*m - 3*a = -2. Suppose y + 5*x + 1 - 4 = 0, 3*x + m = -2*y. What is the units digit of q(y)?
7
Let f be ((-18)/2)/(1/(-3)). Let j = -19 + f. What is the units digit of j?
8
Suppose -53 - 117 = 5*i. What is the units digit of i/(-4) + (-1)/(-2)?
9
Let n = 20 + 3. What is the units digit of n?
3
Let l(a) = 2*a**2 - 2*a - 1. Let z be l(3). Suppose 0 = -3*m - m + v - 19, 3*v = -m - 21. What is the units digit of z + 3*m/9?
9
Let s = -7 - -10. What is the units digit of (-135)/(-10)*2/s?
9
Let m(k) = 19*k**2 + k. Suppose 0 = 11*h - 7*h + 4. What is the tens digit of m(h)?
1
Suppose 265 - 93 = 4*z. Let r = z + -29. What is the tens digit of r?
1
Let x = 0 - -2. Suppose -4*f = -x*f - 2. What is the units digit of f?
1
Suppose 3*c + p - 54 = 0, 3*c - 2*p = 8*c - 90. What is the units digit of c?
8
Let g = 4 - 7. What is the units digit of (3 + 10/g)*-9?
3
Suppose 5*a - 957 = -r, 921 - 138 = 4*a - 5*r. What is the tens digit of a?
9
Let n(k) be the second derivative of k**5/20 + k**3/6 + 11*k**2/2 - k. What is the tens digit of n(0)?
1
Suppose -4*y + 2*v + 138 = 0, -3*v = 2*y - 0*v - 49. Suppose 8 + y = 5*k. What is the units digit of k?
8
Let a(h) = h**3 - h**2 - 3*h - 5. What is the tens digit of a(4)?
3
Let z(y) = -y**3 + 9*y**2 - 3*y - 11. Let v = 28 - 20. What is the tens digit of z(v)?
2
Let f = 62 - -34. What is the tens digit of f?
9
Let i(o) = o. Let m(t) = 7*t - 4. Let y(x) = -6*i(x) + m(x). Let k be y(4). Let b = 6 + k. What is the units digit of b?
6
Let j(p) = -3*p**2 + 1. Let x be j(-1). Let z be x*1*-5*1. Suppose 0*y - y = -3*g - 13, 0 = -5*g - z. What is the units digit of y?
7
Let c be 6/9*6/4. Let t(q) = 11*q**2 + 1. What is the units digit of t(c)?
2
Let m be (1 + 41)/(-11 + 13). Suppose -5*d - m + 201 = 0. What is the tens digit of d?
3
Suppose -8*a + 31 + 641 = 0. What is the tens digit of a?
8
Let a(g) = -g**3 - 10*g**2 - 3*g + 12. What is the units digit of a(-10)?
2
Let w(m) = 16*m - 2. Let z be w(2). Suppose 2*q + z = 7*q. What is the units digit of q?
6
Suppose -5*j = 23 - 83. Suppose 3*v + 3 = -6*c + 3*c, 0 = v - c - 5. Suppose v*z = -z + j. What is the units digit of z?
4
Suppose 2*c - 137 = -5*z, 2*z - 58 = -5*c + 295. What is t